{"id":400,"date":"2023-01-19T17:49:31","date_gmt":"2023-01-19T20:49:31","guid":{"rendered":"https:\/\/makzla.cl\/?page_id=400"},"modified":"2025-10-18T21:39:46","modified_gmt":"2025-10-19T00:39:46","slug":"sobre-la-escritora","status":"publish","type":"page","link":"https:\/\/makzla.cl\/index.php\/sobre-la-escritora\/","title":{"rendered":"Sobre la autora"},"content":{"rendered":"\t\t<div data-elementor-type=\"wp-page\" data-elementor-id=\"400\" class=\"elementor elementor-400\" data-elementor-post-type=\"page\">\n\t\t\t\t\t\t<section class=\"elementor-section elementor-top-section elementor-element elementor-element-5a5b22e elementor-section-boxed elementor-section-height-default elementor-section-height-default\" data-id=\"5a5b22e\" data-element_type=\"section\" data-e-type=\"section\">\n\t\t\t\t\t\t<div class=\"elementor-container elementor-column-gap-default\">\n\t\t\t\t\t<div class=\"elementor-column elementor-col-100 elementor-top-column elementor-element elementor-element-3dbd920\" data-id=\"3dbd920\" data-element_type=\"column\" data-e-type=\"column\">\n\t\t\t<div class=\"elementor-widget-wrap elementor-element-populated\">\n\t\t\t\t\t\t<div class=\"elementor-element elementor-element-4545cd8 elementor-widget elementor-widget-heading\" data-id=\"4545cd8\" data-element_type=\"widget\" data-e-type=\"widget\" data-widget_type=\"heading.default\">\n\t\t\t\t<div class=\"elementor-widget-container\">\n\t\t\t\t\t<h2 class=\"elementor-heading-title elementor-size-default\">Sobre la autora<\/h2>\t\t\t\t<\/div>\n\t\t\t\t<\/div>\n\t\t\t\t\t<\/div>\n\t\t<\/div>\n\t\t\t\t\t<\/div>\n\t\t<\/section>\n\t\t\t\t<section class=\"elementor-section elementor-top-section elementor-element elementor-element-a954809 elementor-section-stretched elementor-section-boxed elementor-section-height-default elementor-section-height-default\" data-id=\"a954809\" data-element_type=\"section\" data-e-type=\"section\" data-settings=\"{&quot;stretch_section&quot;:&quot;section-stretched&quot;}\">\n\t\t\t\t\t\t<div class=\"elementor-container elementor-column-gap-default\">\n\t\t\t\t\t<div class=\"elementor-column elementor-col-100 elementor-top-column elementor-element elementor-element-03c945e\" data-id=\"03c945e\" data-element_type=\"column\" data-e-type=\"column\">\n\t\t\t<div class=\"elementor-widget-wrap elementor-element-populated\">\n\t\t\t\t\t\t<div class=\"elementor-element elementor-element-b0781ee elementor-widget elementor-widget-image\" data-id=\"b0781ee\" data-element_type=\"widget\" data-e-type=\"widget\" data-widget_type=\"image.default\">\n\t\t\t\t<div class=\"elementor-widget-container\">\n\t\t\t\t\t\t\t\t\t\t\t\t\t\t\t<img fetchpriority=\"high\" decoding=\"async\" width=\"169\" height=\"300\" src=\"https:\/\/makzla.cl\/wp-content\/uploads\/2025\/10\/5154795693007375137_121-169x300.jpg\" class=\"attachment-medium size-medium wp-image-1686\" alt=\"\" srcset=\"https:\/\/makzla.cl\/wp-content\/uploads\/2025\/10\/5154795693007375137_121-169x300.jpg 169w, https:\/\/makzla.cl\/wp-content\/uploads\/2025\/10\/5154795693007375137_121-577x1024.jpg 577w, https:\/\/makzla.cl\/wp-content\/uploads\/2025\/10\/5154795693007375137_121-324x575.jpg 324w, https:\/\/makzla.cl\/wp-content\/uploads\/2025\/10\/5154795693007375137_121-416x739.jpg 416w, https:\/\/makzla.cl\/wp-content\/uploads\/2025\/10\/5154795693007375137_121.jpg 721w\" sizes=\"(max-width: 169px) 100vw, 169px\" \/>\t\t\t\t\t\t\t\t\t\t\t\t\t\t\t<\/div>\n\t\t\t\t<\/div>\n\t\t\t\t\t<\/div>\n\t\t<\/div>\n\t\t\t\t\t<\/div>\n\t\t<\/section>\n\t\t\t\t<section class=\"elementor-section elementor-top-section elementor-element elementor-element-5a31105 elementor-section-stretched elementor-section-boxed elementor-section-height-default elementor-section-height-default\" data-id=\"5a31105\" data-element_type=\"section\" data-e-type=\"section\" data-settings=\"{&quot;stretch_section&quot;:&quot;section-stretched&quot;}\">\n\t\t\t\t\t\t<div class=\"elementor-container elementor-column-gap-default\">\n\t\t\t\t\t<div class=\"elementor-column elementor-col-100 elementor-top-column elementor-element elementor-element-5c68025\" data-id=\"5c68025\" data-element_type=\"column\" data-e-type=\"column\">\n\t\t\t<div class=\"elementor-widget-wrap elementor-element-populated\">\n\t\t\t\t\t\t<div class=\"elementor-element elementor-element-5eea11e elementor-widget elementor-widget-text-editor\" data-id=\"5eea11e\" data-element_type=\"widget\" data-e-type=\"widget\" data-widget_type=\"text-editor.default\">\n\t\t\t\t<div class=\"elementor-widget-container\">\n\t\t\t\t\t\t\t\t\t<p>Julieta Ax es el seud\u00f3nimo de Vania C. Machado, nacida en 1982 en una peque\u00f1a ciudad del centro de Brasil. Desde ni\u00f1a le apasionaban la poes\u00eda y los cuentos, pero fue a los 14 a\u00f1os cuando descubri\u00f3 su amor por la lectura, gracias a la inolvidable Agatha Christie.<\/p>\n<p>En 2003 se cas\u00f3 con un chileno y se enamor\u00f3 del idioma espa\u00f1ol, lengua en la que hoy escribe casi todas sus obras. Actualmente reside en Santiago de Chile.<\/p><p>A los 31 a\u00f1os recibi\u00f3 el diagn\u00f3stico de autismo, lo que marc\u00f3 un nuevo rumbo en su vida y en su escritura. En 2018 public\u00f3 sus primeros libros en Amazon y, desde entonces, ha desarrollado una destacada trayectoria literaria con obras que abordan la poes\u00eda, el autismo, los microcuentos y las historias cargadas de sensibilidad y reflexi\u00f3n.<\/p>\n<p>Actualmente tiene dos libros publicados con editoriales chilenas:<\/p>\n<p>Un d\u00eda con autismo (Editorial Trayecto, 2025)<\/p>\n<p>Julieta en su planeta (Editorial Catalonia, 2025)<\/p>\n<p>Adem\u00e1s, ofrece charlas sobre autismo e inclusi\u00f3n, compartiendo desde su propia experiencia una mirada aut\u00e9ntica y cercana que busca generar comprensi\u00f3n y empat\u00eda.<\/p>\n<p>Maestra de profesi\u00f3n, Julieta es una artista en esencia. La m\u00fasica, el mar y los viajes son sus mayores fuentes de inspiraci\u00f3n, siempre presentes en su obra literaria.<\/p>\t\t\t\t\t\t\t\t<\/div>\n\t\t\t\t<\/div>\n\t\t\t\t\t<\/div>\n\t\t<\/div>\n\t\t\t\t\t<\/div>\n\t\t<\/section>\n\t\t\t\t<section class=\"elementor-section elementor-top-section elementor-element elementor-element-34b0ed3 elementor-section-boxed elementor-section-height-default elementor-section-height-default\" data-id=\"34b0ed3\" data-element_type=\"section\" data-e-type=\"section\">\n\t\t\t\t\t\t<div class=\"elementor-container elementor-column-gap-default\">\n\t\t\t\t\t<div class=\"elementor-column elementor-col-100 elementor-top-column elementor-element elementor-element-cdb1190\" data-id=\"cdb1190\" data-element_type=\"column\" data-e-type=\"column\">\n\t\t\t<div class=\"elementor-widget-wrap elementor-element-populated\">\n\t\t\t\t\t\t<div class=\"elementor-element elementor-element-172ea15 elementor-shape-circle elementor-grid-0 e-grid-align-center elementor-widget elementor-widget-social-icons\" data-id=\"172ea15\" data-element_type=\"widget\" data-e-type=\"widget\" data-widget_type=\"social-icons.default\">\n\t\t\t\t<div class=\"elementor-widget-container\">\n\t\t\t\t\t\t\t<div class=\"elementor-social-icons-wrapper elementor-grid\" role=\"list\">\n\t\t\t\t\t\t\t<span class=\"elementor-grid-item\" role=\"listitem\">\n\t\t\t\t\t<a class=\"elementor-icon elementor-social-icon elementor-social-icon-instagram elementor-animation-grow-rotate elementor-repeater-item-b6b5c45\" href=\"https:\/\/www.instagram.com\/makzla.cl\/\" target=\"_blank\">\n\t\t\t\t\t\t<span class=\"elementor-screen-only\">Instagram<\/span>\n\t\t\t\t\t\t<i aria-hidden=\"true\" class=\"fab fa-instagram\"><\/i>\t\t\t\t\t<\/a>\n\t\t\t\t<\/span>\n\t\t\t\t\t\t\t<span class=\"elementor-grid-item\" role=\"listitem\">\n\t\t\t\t\t<a class=\"elementor-icon elementor-social-icon elementor-social-icon-instagram elementor-animation-grow-rotate elementor-repeater-item-db11615\" href=\"https:\/\/www.instagram.com\/ax.julieta\/\" target=\"_blank\">\n\t\t\t\t\t\t<span class=\"elementor-screen-only\">Instagram<\/span>\n\t\t\t\t\t\t<i aria-hidden=\"true\" class=\"fab fa-instagram\"><\/i>\t\t\t\t\t<\/a>\n\t\t\t\t<\/span>\n\t\t\t\t\t\t\t<span class=\"elementor-grid-item\" role=\"listitem\">\n\t\t\t\t\t<a class=\"elementor-icon elementor-social-icon elementor-social-icon-instagram elementor-animation-grow-rotate elementor-repeater-item-b34e25f\" href=\"https:\/\/www.instagram.com\/autismo.ax\/\" target=\"_blank\">\n\t\t\t\t\t\t<span class=\"elementor-screen-only\">Instagram<\/span>\n\t\t\t\t\t\t<i aria-hidden=\"true\" class=\"fab fa-instagram\"><\/i>\t\t\t\t\t<\/a>\n\t\t\t\t<\/span>\n\t\t\t\t\t\t\t<span class=\"elementor-grid-item\" role=\"listitem\">\n\t\t\t\t\t<a class=\"elementor-icon elementor-social-icon elementor-social-icon-facebook elementor-animation-grow-rotate elementor-repeater-item-67d6ae3\" href=\"https:\/\/www.facebook.com\/autismo.ax\" target=\"_blank\">\n\t\t\t\t\t\t<span class=\"elementor-screen-only\">Facebook<\/span>\n\t\t\t\t\t\t<i aria-hidden=\"true\" class=\"fab fa-facebook\"><\/i>\t\t\t\t\t<\/a>\n\t\t\t\t<\/span>\n\t\t\t\t\t<\/div>\n\t\t\t\t\t\t<\/div>\n\t\t\t\t<\/div>\n\t\t\t\t\t<\/div>\n\t\t<\/div>\n\t\t\t\t\t<\/div>\n\t\t<\/section>\n\t\t\t\t<\/div>\n\t\t","protected":false},"excerpt":{"rendered":"<p>Sobre la autora Julieta Ax es el seud\u00f3nimo de Vania C. Machado, nacida en 1982 en una peque\u00f1a ciudad del centro de Brasil. Desde ni\u00f1a le apasionaban la poes\u00eda y los cuentos, pero fue a los 14 a\u00f1os cuando descubri\u00f3 su amor por la lectura, gracias a la inolvidable Agatha Christie. En 2003 se cas\u00f3 [&hellip;]<\/p>\n","protected":false},"author":1,"featured_media":0,"parent":0,"menu_order":0,"comment_status":"closed","ping_status":"open","template":"elementor_header_footer","meta":{"footnotes":""},"class_list":["post-400","page","type-page","status-publish","hentry"],"_links":{"self":[{"href":"https:\/\/makzla.cl\/index.php\/wp-json\/wp\/v2\/pages\/400","targetHints":{"allow":["GET"]}}],"collection":[{"href":"https:\/\/makzla.cl\/index.php\/wp-json\/wp\/v2\/pages"}],"about":[{"href":"https:\/\/makzla.cl\/index.php\/wp-json\/wp\/v2\/types\/page"}],"author":[{"embeddable":true,"href":"https:\/\/makzla.cl\/index.php\/wp-json\/wp\/v2\/users\/1"}],"replies":[{"embeddable":true,"href":"https:\/\/makzla.cl\/index.php\/wp-json\/wp\/v2\/comments?post=400"}],"version-history":[{"count":12,"href":"https:\/\/makzla.cl\/index.php\/wp-json\/wp\/v2\/pages\/400\/revisions"}],"predecessor-version":[{"id":1714,"href":"https:\/\/makzla.cl\/index.php\/wp-json\/wp\/v2\/pages\/400\/revisions\/1714"}],"wp:attachment":[{"href":"https:\/\/makzla.cl\/index.php\/wp-json\/wp\/v2\/media?parent=400"}],"curies":[{"name":"wp","href":"https:\/\/api.w.org\/{rel}","templated":true}]}}