{"id":1105,"date":"2023-12-22T12:31:50","date_gmt":"2023-12-22T15:31:50","guid":{"rendered":"https:\/\/makzla.cl\/?page_id=1105"},"modified":"2023-12-22T12:38:25","modified_gmt":"2023-12-22T15:38:25","slug":"que-es-makzla","status":"publish","type":"page","link":"https:\/\/makzla.cl\/index.php\/que-es-makzla\/","title":{"rendered":"\u00bfQu\u00e9 es Makzla?"},"content":{"rendered":"\t\t<div data-elementor-type=\"wp-page\" data-elementor-id=\"1105\" class=\"elementor elementor-1105\" data-elementor-post-type=\"page\">\n\t\t\t\t\t\t<section class=\"elementor-section elementor-top-section elementor-element elementor-element-05a2ae0 elementor-section-boxed elementor-section-height-default elementor-section-height-default\" data-id=\"05a2ae0\" data-element_type=\"section\" data-e-type=\"section\">\n\t\t\t\t\t\t<div class=\"elementor-container elementor-column-gap-default\">\n\t\t\t\t\t<div class=\"elementor-column elementor-col-100 elementor-top-column elementor-element elementor-element-8a6d576\" data-id=\"8a6d576\" data-element_type=\"column\" data-e-type=\"column\">\n\t\t\t<div class=\"elementor-widget-wrap elementor-element-populated\">\n\t\t\t\t\t\t<div class=\"elementor-element elementor-element-51ae142 elementor-headline--style-highlight elementor-widget elementor-widget-animated-headline\" data-id=\"51ae142\" data-element_type=\"widget\" data-e-type=\"widget\" data-settings=\"{&quot;marker&quot;:&quot;underline_zigzag&quot;,&quot;highlighted_text&quot;:&quot;M\\u0100KZLA?&quot;,&quot;headline_style&quot;:&quot;highlight&quot;,&quot;loop&quot;:&quot;yes&quot;,&quot;highlight_animation_duration&quot;:1200,&quot;highlight_iteration_delay&quot;:8000}\" data-widget_type=\"animated-headline.default\">\n\t\t\t\t<div class=\"elementor-widget-container\">\n\t\t\t\t\t\t\t<h3 class=\"elementor-headline\">\n\t\t\t\t\t<span class=\"elementor-headline-plain-text elementor-headline-text-wrapper\">\u00bfQu\u00e9 es <\/span>\n\t\t\t\t<span class=\"elementor-headline-dynamic-wrapper elementor-headline-text-wrapper\">\n\t\t\t\t\t<span class=\"elementor-headline-dynamic-text elementor-headline-text-active\">M\u0100KZLA?<\/span>\n\t\t\t\t<\/span>\n\t\t\t\t<\/h3>\n\t\t\t\t\t\t<\/div>\n\t\t\t\t<\/div>\n\t\t\t\t\t<\/div>\n\t\t<\/div>\n\t\t\t\t\t<\/div>\n\t\t<\/section>\n\t\t\t\t<section class=\"elementor-section elementor-top-section elementor-element elementor-element-1ff139b elementor-section-boxed elementor-section-height-default elementor-section-height-default\" data-id=\"1ff139b\" data-element_type=\"section\" data-e-type=\"section\">\n\t\t\t\t\t\t<div class=\"elementor-container elementor-column-gap-default\">\n\t\t\t\t\t<div class=\"elementor-column elementor-col-100 elementor-top-column elementor-element elementor-element-8cad638\" data-id=\"8cad638\" data-element_type=\"column\" data-e-type=\"column\">\n\t\t\t<div class=\"elementor-widget-wrap elementor-element-populated\">\n\t\t\t\t\t\t<div class=\"elementor-element elementor-element-4364645 elementor-widget__width-initial elementor-widget elementor-widget-text-editor\" data-id=\"4364645\" data-element_type=\"widget\" data-e-type=\"widget\" data-widget_type=\"text-editor.default\">\n\t\t\t\t<div class=\"elementor-widget-container\">\n\t\t\t\t\t\t\t\t\t<p>La palabra \u201cm\u0101kzla\u201d est\u00e1 inspirada en \u201carte\u201d en el idioma let\u00f3n que es \u201cm\u0101ksla\u201d (La lengua letona es el idioma oficial de la Rep\u00fablica de Letonia). La eleg\u00ed porque encuentro una palabra hermosa, que empieza con \u201cma\u201d como \u201cmar\u201d y que al mismo tiempo es arte.<\/p><p>Siempre encontr\u00e9 que la escritura y la poes\u00eda son arte, as\u00ed que en m\u0101kzla podr\u00e1s encontrar el arte en formato de letras plasmadas en libros, todos escritos por m\u00ed.<\/p>\t\t\t\t\t\t\t\t<\/div>\n\t\t\t\t<\/div>\n\t\t\t\t\t<\/div>\n\t\t<\/div>\n\t\t\t\t\t<\/div>\n\t\t<\/section>\n\t\t\t\t<\/div>\n\t\t","protected":false},"excerpt":{"rendered":"<p>\u00bfQu\u00e9 es M\u0100KZLA? La palabra \u201cm\u0101kzla\u201d est\u00e1 inspirada en \u201carte\u201d en el idioma let\u00f3n que es \u201cm\u0101ksla\u201d (La lengua letona es el idioma oficial de la Rep\u00fablica de Letonia). La eleg\u00ed porque encuentro una palabra hermosa, que empieza con \u201cma\u201d como \u201cmar\u201d y que al mismo tiempo es arte. Siempre encontr\u00e9 que la escritura y [&hellip;]<\/p>\n","protected":false},"author":1,"featured_media":0,"parent":0,"menu_order":0,"comment_status":"closed","ping_status":"closed","template":"","meta":{"footnotes":""},"class_list":["post-1105","page","type-page","status-publish","hentry"],"_links":{"self":[{"href":"https:\/\/makzla.cl\/index.php\/wp-json\/wp\/v2\/pages\/1105","targetHints":{"allow":["GET"]}}],"collection":[{"href":"https:\/\/makzla.cl\/index.php\/wp-json\/wp\/v2\/pages"}],"about":[{"href":"https:\/\/makzla.cl\/index.php\/wp-json\/wp\/v2\/types\/page"}],"author":[{"embeddable":true,"href":"https:\/\/makzla.cl\/index.php\/wp-json\/wp\/v2\/users\/1"}],"replies":[{"embeddable":true,"href":"https:\/\/makzla.cl\/index.php\/wp-json\/wp\/v2\/comments?post=1105"}],"version-history":[{"count":0,"href":"https:\/\/makzla.cl\/index.php\/wp-json\/wp\/v2\/pages\/1105\/revisions"}],"wp:attachment":[{"href":"https:\/\/makzla.cl\/index.php\/wp-json\/wp\/v2\/media?parent=1105"}],"curies":[{"name":"wp","href":"https:\/\/api.w.org\/{rel}","templated":true}]}}